 of z?
2, 19
Suppose -149 = -u + 129. Suppose 0 = -3*b + m + u, -2*m - 112 = 5*b - 568. Let o = 30 + b. What are the prime factors of o?
2, 61
Suppose -6*r + 0 + 18 = 0. Suppose -r*p + 16*m = 15*m - 2864, 20 = 5*m. List the prime factors of p.
2, 239
Let b be (-60)/(-14) + 28/(-98). Suppose -5*j + u + 221 = 0, -u - 174 = -b*j - 3*u. What are the prime factors of (-9)/(3 - j/14)?
3, 7
List the prime factors of 10 + (-14 - -4462) - 0.
2, 3, 743
Let l(w) = -w**3 - 14*w**2 - 7*w + 19. Let a be l(-13). Let t = -49 - a. Let y(n) = 4*n - 27. List the prime factors of y(t).
13
List the prime factors of (-3 + (-135)/(-36))*-12*(-212 + 1).
3, 211
Let n = 39701 + -2839. List the prime factors of n.
2, 7, 2633
Let o(c) be the third derivative of c**4/8 - 23*c**3/3 + 4*c**2 + 1. Let g be o(9). Let p = 143 + g. What are the prime factors of p?
2, 31
Let z(q) = -3*q - 48. Let n be z(-17). Suppose n*l - 5*v - 13 = 0, 0*v = 3*l + 4*v + 32. List the prime factors of ((-57)/l)/(18/144).
2, 3, 19
List the prime factors of -11 - (7 + (-187395)/15).
5, 499
Let m(i) = i**3 + 2*i**2 - 3*i - 3. Let v be m(-2). Let q(d) = 52*d - 108. What are the prime factors of q(v)?
2, 3
Let n be (-2)/8*-2*-2. Let z be (5/(-20)*0)/(1*n). Suppose z = -3*l - 2*l + 210. List the prime factors of l.
2, 3, 7
Let v(s) = -1836*s - 4590. List the prime factors of v(-7).
2, 3, 17
Let v(g) = -g**2 - 54*g + 127. Suppose -i - 17 = -4*s, 6*s - 139 = 5*i + 4*s. What are the prime factors of v(i)?
2, 3, 71
List the prime factors of -11*(-3 - 12 - 676).
11, 691
Suppose 2 = -5*i + 32. Let h be 17/i + -3 + 482/12. Let t = 48 - h. List the prime factors of t.
2
List the prime factors of (2/(-16) + 174933/(-216))*-31.
2, 3, 5, 31
Suppose 0 = -7*m + 6*m - 7*m + 22712. What are the prime factors of m?
17, 167
What are the prime factors of 57110/38 + (2120/1007)/20?
3, 167
Let z = 150 + -151. What are the prime factors of 5 - (-24)/(5 - z)?
3
List the prime factors of 19/(513/90)*(5070 + -3).
2, 3, 5, 563
Let z(o) = -109*o**3 + 2*o**2 - 3. Let f be z(2). Let t = -612 - f. What are the prime factors of t?
3, 5, 17
Let d be (-204)/2142 + (-80)/42. Let q(z) = 17*z**2 + 6*z - 9. Let o(g) = 16*g**2 + 5*g - 8. Let i(x) = 5*o(x) - 4*q(x). What are the prime factors of i(d)?
2, 3, 7
Let q(v) = v**2 + 9*v - 6. Let y be q(-10). Suppose 59 = y*o + 39. List the prime factors of 140/25 + 2 - (-2)/o.
2
List the prime factors of (-2040)/1275 - (-36543)/5.
7307
Let o be ((-4)/(-20))/1 + (-72)/(-40). Suppose -4*u + 452 = c - 775, 0 = -o*u. What are the prime factors of c?
3, 409
Let r(o) = -2*o**2 - 21*o - 25. Let h be r(-7). What are the prime factors of (h/36)/((-2)/(-1476))?
2, 3, 41
What are the prime factors of 5988*2/(8 - (531/45 - 4))?
2, 3, 5, 499
Let f be 1*-1*(0 - -8). Let i be (-90)/f + (-4)/16. Suppose -2*l + i = -5. What are the prime factors of l?
2
Let z(x) = -x**3 + 17*x**2 - 14*x - 18. Let f be z(16). Suppose g = f + 204. List the prime factors of g.
2, 109
Let t be 0 + 5/(-30) + 1873/6. Let s = -53 + t. List the prime factors of s.
7, 37
Let u = -176 + 178. Suppose 0*s - 5*w - 697 = -u*s, 0 = -4*s + 4*w + 1412. What are the prime factors of s?
2, 89
Let a = -268 + 473. Let w = -178 + a. What are the prime factors of w?
3
Let y(d) be the first derivative of 2*d**3/3 + 8*d**2 - 29*d - 5. List the prime factors of y(-13).
101
Let q(a) = a**3 + 14*a**2 + 7*a - 27. Let w be q(-10). Suppose -111 = 6*r - w. List the prime factors of r.
2
Let i = -56 + 64. Suppose i*c - 4*c - 994 = -2*o, 744 = 3*c + o. What are the prime factors of c?
13, 19
Let h(b) = -b**2 - b. Let d be h(-2). Suppose -3*g + 7*g = -5*u + 109, 2*u - 4*g - 38 = 0. Let v = u + d. List the prime factors of v.
19
Let q be -5 - 26033/(-1 + -6). Suppose -3*n - 3*n = -q. What are the prime factors of n?
619
Suppose 39 = 6*d - 15. Suppose 0 = -0*s - d*s + 3276. What are the prime factors of s?
2, 7, 13
Suppose 5061 = 6*f - 7695. Suppose 17 = s + 7. Suppose -s*b - 466 = -f. What are the prime factors of b?
2, 83
Suppose 13*z = 9*z + 32. Suppose -k = -5*k + z. Suppose 159 = k*n + 45. List the prime factors of n.
3, 19
Suppose -29*g = 9*g + 380. List the prime factors of -7*g*205/10.
5, 7, 41
Let i be (2 + -4)/(21/9 - 3). Suppose -9 = -3*r + i. Suppose 51 = r*v + v - 3*p, 4*v - p = 38. List the prime factors of v.
3
Suppose 4*b - 5923 = 22013. What are the prime factors of b?
2, 3, 97
Let a = 103 + -17. Suppose n = -2*b + a, -3*n + 460 = 2*n + 4*b. List the prime factors of n.
2, 3
Let g = -11727 - -15688. What are the prime factors of g?
17, 233
Let n(s) = s**2 + 8*s + 16. Let o be n(-10). Suppose 7*f - 9*f = o. What are the prime factors of (f/(-6))/((-3)/(-40))?
2, 5
Let k(y) = -y**3 - 15*y**2 - 15*y + 30. Let d be k(-12). Let h = -175 - d. List the prime factors of h.
47
Suppose 14*n + 18*n - 447772 = 6*n. List the prime factors of n.
2, 79, 109
Let s = 79 - -1067. Suppose 6*m - s - 1332 = 0. What are the prime factors of m?
7, 59
Suppose 5480*g + 26475 = 5505*g. List the prime factors of g.
3, 353
What are the prime factors of (-13782)/(-9)*(-8 + (-244)/(-8))?
3, 5, 2297
Suppose -5*n = -3*x + 38, -2*x - 4 = 6*n - 2*n. Suppose -f - x*m = -4*m - 253, 4*f - 2*m - 992 = 0. What are the prime factors of f?
3, 83
Suppose 300 = -o + 3*a, 0 = -4*o - 2*a + a - 1226. Let i = o + 608. What are the prime factors of i?
2, 151
Let k(s) = -9*s + 1329. List the prime factors of k(-86).
3, 701
Suppose 0 = -21*t + 25*t - 20. Suppose -t*c = -191 - 89. Let i = c + 3. What are the prime factors of i?
59
Let v(m) = -m. Let y(z) = -z**3 + 13*z**2 - 22*z + 1. Let i be y(11). Let l(b) = -69*b - 1. Let t(f) = i*l(f) - 6*v(f). What are the prime factors of t(-3)?
2, 47
Suppose 285 + 29 = -2*i. Let c = i + 298. List the prime factors of c.
3, 47
Let u(a) be the third derivative of 7*a**5/20 + 2*a**4/3 + 131*a**3/6 + 2*a**2 + 131*a. What are the prime factors of u(-8)?
3, 449
Suppose 45*q + 8254 = 47*q - 5*b, 3*b = -18. List the prime factors of q.
2, 257
Let u = -50 + 62. Suppose -u = -16*f + 10*f. Suppose -f*m + 3*k = k - 274, -5*k + 161 = m. List the prime factors of m.
3, 47
Let m(a) = 4*a**3 + 19*a**2 - 2*a - 6. Let c be m(-6). What are the prime factors of -31*(-4)/3 + 58/c?
41
Suppose 3*u + 99659 = 18*u - 421951. List the prime factors of u.
2, 17387
Let g be 4/(-1) - (11 + -502). Suppose -121 + g = 3*l. List the prime factors of l.
2, 61
Let v(m) = m**3 + 7*m**2 + 8*m + 11. Let l be v(-6). Let o be (l + (-5)/(-2))/(21/(-112)). What are the prime factors of (186/o)/(1/(-4))?
3, 31
List the prime factors of 109564/92 - 94/(-1081).
3, 397
Let o = -19 + 23. Let v be 51337/117 + o/18. Suppose 4*j + 84 = 2*h - 192, 3*h = j + v. What are the prime factors of h?
2, 37
Let b = 203 + 146. Suppose -9*v + 25 = b. Let d = 31 - v. List the prime factors of d.
67
Suppose 6 = -5*x - 4*p, x - 24 = -x + 5*p. Suppose -5*i = -z + 22, 3*i + 29 = -z + 19. Suppose 10 = 2*k + x, 3*t + z*k = 332. List the prime factors of t.
2, 3
Let w(m) = 2*m**3 + 170*m**2 - 116*m - 5762. What are the prime factors of w(-83)?
2, 3, 5237
Let m = 3712 - 3707. Suppose 3*y - 41 = 46. Suppose -2 = -p - 4*s - 9, p - m*s = y. List the prime factors of p.
3
Suppose 6*q - 48 = -0. Suppose 0 = -q*p + 941 - 301. What are the prime factors of p?
2, 5
Let a be 2150/(-15) - 14*5/105. Let f = -2 + -8. List the prime factors of a/(-20)*f*(-7)/4.
2, 3, 7
Let c = 11 + -48. Suppose -3*m = -4*o + 525, -5*o + 2*m + 222 = -436. Let x = o + c. List the prime factors of x.
5, 19
Let l be (-56)/12 + 4/6. Let n = 16 - l. List the prime factors of 325/(-10)*(-24)/n.
3, 13
Suppose -6*s + 16072 + 72864 + 19742 = 0. List the prime factors of s.
59, 307
Let l(s) = -15*s - 51. Let h(k) = -10*k - 34. Let b(v) = -7*h(v) + 5*l(v). Let c(p) = -7*p - 64. Let y be c(-8). What are the prime factors of b(y)?
23
Suppose 0 = -7*f - 5*l + 128073, -2*l = 6*f - 9*f + 54905. List the prime factors of f.
29, 631
Suppose 0 = -14*h + 64*h + 244144 - 700694. List the prime factors of h.
23, 397
Let m be 5 + -9 + -1 + 1 + 2. What are the prime factors of ((-90)/(-8))/(m*5/(-200))?
3, 5
Suppose -69*v + 685983 + 350190 = 0. What are the prime factors of v?
15017
Let c(g) = 873*g + 27. List the prime factors of c(31).
2, 3, 5, 7, 43
Suppose 2*c - 4*c - 1420 